9 - -1d55?
1d8e
In base 6, what is 12033 - -4?
12041
In base 11, what is 214 + -18?
1a7
In base 12, what is -95 + -b80?
-1055
In base 4, what is -101113312300 + 2?
-101113312232
In base 3, what is 2000 + -111101221?
-111022221
In base 8, what is -52 + 2211?
2137
In base 3, what is 110 - 20211?
-20101
In base 14, what is 7274 + 66?
72da
In base 8, what is -101060 + -23?
-101103
In base 10, what is 1 + -1240?
-1239
In base 3, what is 112 - -11001221100?
11001221212
In base 10, what is -50286 + 6?
-50280
In base 5, what is 140231 - 3233?
131443
In base 11, what is -1 + -4531?
-4532
In base 7, what is 242 - -2010?
2252
In base 14, what is -2 + -17248?
-1724a
In base 5, what is 3 - 22403243?
-22403240
In base 8, what is -30 - -656?
626
In base 2, what is -10101111 - 10000010?
-100110001
In base 6, what is -44020 + 4?
-44012
In base 4, what is -11331 + -1?
-11332
In base 5, what is -42 + -211402?
-211444
In base 8, what is -2 + 42402?
42400
In base 2, what is -11011000 + 10110010?
-100110
In base 4, what is 2320 + -103232?
-100312
In base 6, what is 12235 + -2025?
10210
In base 2, what is 1 + -1101001010110?
-1101001010101
In base 4, what is 222 + 1022011?
1022233
In base 11, what is -5 - 37247?
-37251
In base 8, what is 64145 + -3?
64142
In base 4, what is 3132 + 13212?
23010
In base 14, what is 432b0 + 0?
432b0
In base 3, what is 211000 + 20010?
1001010
In base 11, what is -77 + -121?
-198
In base 10, what is 175 + 2?
177
In base 5, what is -131143 - -23?
-131120
In base 12, what is 39 - -b63?
ba0
In base 3, what is 120 + -10112201?
-10112011
In base 4, what is 11 + -32212302?
-32212231
In base 3, what is -10000 - -22202112?
22122112
In base 7, what is -43 - 263554?
-263630
In base 15, what is d - -a508?
a516
In base 2, what is -1000100010001 - 101011100?
-1001001101101
In base 7, what is -433 - -5530?
5064
In base 14, what is 508 + -363?
185
In base 7, what is -260 - -221526?
221236
In base 15, what is 4 - 26de?
-26da
In base 12, what is 6546 - -58?
65a2
In base 16, what is 0 - -7bf8?
7bf8
In base 9, what is 82 + 13185?
13277
In base 15, what is -2 - 16327?
-16329
In base 3, what is 20022002122 - 10?
20022002112
In base 11, what is 0 + 894618?
894618
In base 14, what is -6 + 201d2c?
201d26
In base 6, what is -1404112 + -1?
-1404113
In base 6, what is 1013 - 42512?
-41455
In base 12, what is -2a + -a5b?
-a89
In base 12, what is 4 - 92b21?
-92b19
In base 13, what is -46c6 - -13b?
-4588
In base 12, what is -a08 + -344?
-1150
In base 5, what is 40 - -4000044?
4000134
In base 5, what is -41433 - 4?
-41442
In base 3, what is -122 - -12110?
11211
In base 5, what is -3201 + -223?
-3424
In base 11, what is -31 - -18a7?
1876
In base 4, what is -112213 + 113?
-112100
In base 16, what is 8cb + -1e?
8ad
In base 10, what is 355 + 194?
549
In base 7, what is -35005 - 0?
-35005
In base 13, what is -49a57 + 31?
-49a26
In base 8, what is 566 - 1604?
-1016
In base 11, what is 22a + 44?
273
In base 11, what is 6 + -46990?
-46985
In base 7, what is 5 + -2562?
-2554
In base 11, what is -64 + 1050?
a97
In base 15, what is 3e9aa - 4?
3e9a6
In base 6, what is 2230 - 21141?
-14511
In base 12, what is -62 + -126?
-188
In base 15, what is 97 + -279?
-1d2
In base 14, what is -4329c7 + 1?
-4329c6
In base 2, what is 10100 - -1001110110010001?
1001110110100101
In base 15, what is -10b0e - 3?
-10b12
In base 13, what is -c0235 + -5?
-c023a
In base 11, what is 607a2 - -5?
607a7
In base 10, what is -11646 - -3?
-11643
In base 8, what is -42 - 1373?
-1435
In base 10, what is -251120 - 3?
-251123
In base 9, what is 1580 + -75?
1504
In base 15, what is -2 + 39c1?
39be
In base 8, what is -20 + -1134015?
-1134035
In base 8, what is -67 + -23514?
-23603
In base 5, what is 24 - -142221?
142300
In base 7, what is -264521 - 52?
-264603
In base 9, what is 3846 + -2?
3844
In base 4, what is -12001203 - 11?
-12001220
In base 6, what is 432202 - -132?
432334
In base 10, what is -426 - 252?
-678
In base 6, what is -3310 - -2050?
-1220
In base 7, what is 6435 - -356?
10124
In base 4, what is -130103 + 103201?
-20302
In base 8, what is 10 - -45701?
45711
In base 14, what is -1 - -4c12?
4c11
In base 12, what is -14132 - 22?
-14154
In base 11, what is 403 - -6?
409
In base 13, what is -1999 - 1a?
-19b6
In base 7, what is 240436 + 6?
240445
In base 14, what is -4 - -c3bd1?
c3bcb
In base 15, what is -b + -1dd1?
-1ddc
In base 3, what is -1122002 - 110?
-1122112
In base 6, what is 14 + -20144?
-20130
In base 2, what is 1011110010 - 1001?
1011101001
In base 10, what is -3 - -101812?
101809
In base 6, what is -10153 + -23?
-10220
In base 11, what is 18 + -38618?
-38600
In base 9, what is 3743 + -24?
3718
In base 4, what is 0 - -231010013?
231010013
In base 5, what is -4443 + 212?
-4231
In base 15, what is -31a09 + -5?
-31a0e
In base 15, what is -3a - 70a?
-745
In base 8, what is 51 - -13043?
13114
In base 15, what is a - 680?
-675
In base 14, what is 2 + 72c?
730
In base 6, what is 0 + 201501?
201501
In base 5, what is -42230142 + 21?
-42230121
In base 6, what is -240 - 1455?
-2135
In base 13, what is 36 - -9?
42
In base 3, what is -11110012221 - -1222?
-11110010222
In base 5, what is 322 + -1243?
-421
In base 8, what is -7 + -131352?
-131361
In base 8, what is -353 - 2546?
-3121
In base 11, what is -41 - -1a06?
1975
In base 13, what is 3 - 16b09?
-16b06
In base 7, what is -1110046 - 1?
-1110050
In base 12, what is 5a + 9339?
9397
In base 6, what is 0 - -211351?
211351
In base 8, what is 17143 + -163?
16760
In base 9, what is -1 - 33861?
-33862
In base 8, what is -5 + 3125555?
3125550
In base 13, what is -9 - a70?
-a79
In base 11, what is aa63 + 3?
aa66
In base 13, what is -19a19 - -1?
-19a18
In base 16, what is -9 + 1901?
18f8
In base 5, what is 10 + -2024123?
-2024113
In base 10, what is -390082 - 6?
-390088
In base 11, what is -868 + -23?
-890
In base 3, what is 1011120001 - 0?
1011120001
In base 12, what is 35 - -2a75?
2aaa
In base 16, what is -ac5 - -e?
-ab7
In base 8, what is -23 - 12046?
-12071
In base 10, what is -78 + -3717?
-3795
In base 13, what is 1a15633 - -2?
1a15635
In base 16, what is 6 + -119e46?
-119e40
In base 16, what is 11df - 0?
11df
In base 4, what is -31320322 - -3?
-31320313
In base 7, what is -62043206 + 3?
-62043203
In base 10, what is 14086 + 1?
14087
In base 2, what is -11011111000111 + 110110?
-11011110010001
In base 10, what is -162 - 339?
-501
In base 4, what is 1130012 + 20?
1130032
In base 10, what is 1367 + 311?
1678
In base 5, what is 30234422 - -1?
30234423
In base 12, what is 6aa7 - -36?
6b21
In base 9, what is -41635 - -28?
-41606
In base 8, what is 32 - 742?
-710
In base 12, what is a - 2a78?
-2a6a
In base 13, what is -13a - -52b?
3c1
In base 6, what is 2 + 2433023?
2433025
In base 11, what is -2713 + 0?
-2713
In base 7, what is -13243314 + 2?
-13243312
In base 8, what is 1017530 + 3?
1017533
In base 5, what is 110031243 + -4?
110031234
In base 13, what is 8b6 + -5c2?
2c4
In base 3, what is -1112 - 201210?
-210022
In base 10, what is 4 - -11547?
11551
In base 4, what is 1113223 + -12301?
1100322
In base 13, what is -7 + 5a64?
5a5a
In base 16, what is 206b - -3?
206e
In base 8, what is -3 - 172775?
-173000
In base 10, what is 3 + 116651?
116654
In base 5, what is -1202 - 12202?
-13404
In base 5, what is 111322 - 4?
111313
In base 15, what is 33 - -5b1?
5e4
In base 9, what is 2 - 40603?
-40601
In base 5, what is 411 - -4411?
10322
In base 10, what is -27 + -2724?
-2751
In base 11, what is 18 + -54624?
-54607
In base 2, what is 1110101000 + -1111000?
1100110000
In base 5, what is -30223 + 10?
-30213
In base 12, what is -75aa1 + -19?
-75aba
In base 14, what is 2 - c3d?
-c3b
In base 9, what is -45163 - 0?
-45163
In base 9, what is 0 - 10?
-10
In base 7, what is -2010 + 3426?
1416
In base 15, what is 26 + 73?
99
In base 2, what is 101 - 10100001000110110?
-10100001000110001
In base 14, what is -6 - -1062?
105a
In base 7, what is 2155123 - 1?
2155122
In base 7, what is 0 - 256332?
-256332
In base 15, what is -259 - 1d?
-277
In base 13, what is -4 - 3b?
-42
In base 12, what is -4 - -271041?
271039
In base 15, what is d0 + 222b?
230b
In base 16, what is -32182 + -5?
-32187
In base 12, what is -26 - 208?
-232
In base 4, what is 211003 - -30112?
301121
In base 16, what is